{"id":1417,"date":"2021-02-11T09:52:10","date_gmt":"2021-02-11T12:52:10","guid":{"rendered":"http:\/\/www.borrachasazenha.com.br\/?page_id=1417"},"modified":"2021-03-16T15:28:45","modified_gmt":"2021-03-16T18:28:45","slug":"servico","status":"publish","type":"page","link":"https:\/\/borrachasazenha.com.br\/?page_id=1417","title":{"rendered":"Servi\u00e7os"},"content":{"rendered":"\t\t<div data-elementor-type=\"wp-page\" data-elementor-id=\"1417\" class=\"elementor elementor-1417\">\n\t\t\t\t\t\t<section class=\"elementor-section elementor-top-section elementor-element elementor-element-a444640 elementor-section-boxed elementor-section-height-default elementor-section-height-default\" data-id=\"a444640\" data-element_type=\"section\">\n\t\t\t\t\t\t<div class=\"elementor-container elementor-column-gap-default\">\n\t\t\t\t\t<div class=\"elementor-column elementor-col-100 elementor-top-column elementor-element elementor-element-e1aa11a\" data-id=\"e1aa11a\" data-element_type=\"column\">\n\t\t\t<div class=\"elementor-widget-wrap elementor-element-populated\">\n\t\t\t\t\t\t<section class=\"elementor-section elementor-inner-section elementor-element elementor-element-300660e elementor-section-boxed elementor-section-height-default elementor-section-height-default\" data-id=\"300660e\" data-element_type=\"section\">\n\t\t\t\t\t\t<div class=\"elementor-container elementor-column-gap-default\">\n\t\t\t\t\t<div class=\"elementor-column elementor-col-50 elementor-inner-column elementor-element elementor-element-6dc6ef1\" data-id=\"6dc6ef1\" data-element_type=\"column\">\n\t\t\t<div class=\"elementor-widget-wrap elementor-element-populated\">\n\t\t\t\t\t\t<div class=\"elementor-element elementor-element-f80fb28 elementor-widget elementor-widget-text-editor\" data-id=\"f80fb28\" data-element_type=\"widget\" data-widget_type=\"text-editor.default\">\n\t\t\t\t<div class=\"elementor-widget-container\">\n\t\t\t\t\t\t\t\t\t<h2 style=\"margin-top: 0px;margin-bottom: 0.5rem;font-family: Spartan, sans-serif;font-weight: 600;color: #000000;text-align: center;background-color: #fafafa\"><span style=\"color: #800000\"><img decoding=\"async\" src=\"http:\/\/www.borrachasazenha.com.br\/wp-content\/uploads\/2021\/01\/imagem-icone-01.png\" alt=\"\" width=\"118\" height=\"118\" \/><\/span><\/h2><h2 style=\"margin-top: 0px;margin-bottom: 0.5rem;font-family: Spartan, sans-serif;font-weight: 600;color: #000000;text-align: center;background-color: #fafafa\"><span style=\"color: #800000\">Experi\u00eancia em servi\u00e7os<\/span><\/h2><p style=\"margin-right: 0px;margin-left: 0px;font-family: Spartan, sans-serif;color: var( --e-global-color-text );text-align: center;background-color: #fafafa\">H\u00e1 mais de 50 anos no mercado, a Borrachas Azenha trabalha com marcas renomadas e profissionais qualificados para garantir a voc\u00ea um excelente atendimento.<\/p><p style=\"margin-right: 0px;margin-left: 0px;font-family: Spartan, sans-serif;color: var( --e-global-color-text );text-align: center;background-color: #fafafa\">\u00a0<\/p><p style=\"margin-right: 0px;margin-left: 0px;font-family: Spartan, sans-serif;color: var( --e-global-color-text );text-align: center;background-color: #fafafa\">\u00a0<\/p>\t\t\t\t\t\t\t\t<\/div>\n\t\t\t\t<\/div>\n\t\t\t\t\t<\/div>\n\t\t<\/div>\n\t\t\t\t<div class=\"elementor-column elementor-col-50 elementor-inner-column elementor-element elementor-element-f91552e\" data-id=\"f91552e\" data-element_type=\"column\">\n\t\t\t<div class=\"elementor-widget-wrap elementor-element-populated\">\n\t\t\t\t\t\t<div class=\"elementor-element elementor-element-07c5bbb elementor-widget elementor-widget-image\" data-id=\"07c5bbb\" data-element_type=\"widget\" data-widget_type=\"image.default\">\n\t\t\t\t<div class=\"elementor-widget-container\">\n\t\t\t\t\t\t\t\t\t\t\t\t\t\t\t<img decoding=\"async\" src=\"https:\/\/borrachasazenha.com.br\/wp-content\/uploads\/2020\/05\/car.png\" title=\"car\" alt=\"car\" loading=\"lazy\" \/>\t\t\t\t\t\t\t\t\t\t\t\t\t\t\t<\/div>\n\t\t\t\t<\/div>\n\t\t\t\t\t<\/div>\n\t\t<\/div>\n\t\t\t\t\t<\/div>\n\t\t<\/section>\n\t\t\t\t\t<\/div>\n\t\t<\/div>\n\t\t\t\t\t<\/div>\n\t\t<\/section>\n\t\t\t\t<section class=\"elementor-section elementor-top-section elementor-element elementor-element-f6a0c28 elementor-section-boxed elementor-section-height-default elementor-section-height-default\" data-id=\"f6a0c28\" data-element_type=\"section\">\n\t\t\t\t\t\t<div class=\"elementor-container elementor-column-gap-default\">\n\t\t\t\t\t<div class=\"elementor-column elementor-col-50 elementor-top-column elementor-element elementor-element-cc42ebd\" data-id=\"cc42ebd\" data-element_type=\"column\">\n\t\t\t<div class=\"elementor-widget-wrap elementor-element-populated\">\n\t\t\t\t\t\t<div class=\"elementor-element elementor-element-c7305df elementor-widget elementor-widget-text-editor\" data-id=\"c7305df\" data-element_type=\"widget\" data-widget_type=\"text-editor.default\">\n\t\t\t\t<div class=\"elementor-widget-container\">\n\t\t\t\t\t\t\t\t\t<p><img fetchpriority=\"high\" decoding=\"async\" class=\"wp-image-1514 size-medium aligncenter\" src=\"http:\/\/www.borrachasazenha.com.br\/wp-content\/uploads\/2021\/02\/varias_pecas-4-268x300.png\" alt=\"\" width=\"268\" height=\"300\" srcset=\"https:\/\/borrachasazenha.com.br\/wp-content\/uploads\/2021\/02\/varias_pecas-4-268x300.png 268w, https:\/\/borrachasazenha.com.br\/wp-content\/uploads\/2021\/02\/varias_pecas-4.png 600w\" sizes=\"(max-width: 268px) 100vw, 268px\" \/><\/p>\t\t\t\t\t\t\t\t<\/div>\n\t\t\t\t<\/div>\n\t\t\t\t\t<\/div>\n\t\t<\/div>\n\t\t\t\t<div class=\"elementor-column elementor-col-50 elementor-top-column elementor-element elementor-element-59a96a7\" data-id=\"59a96a7\" data-element_type=\"column\">\n\t\t\t<div class=\"elementor-widget-wrap elementor-element-populated\">\n\t\t\t\t\t\t<div class=\"elementor-element elementor-element-2a201a9 elementor-widget elementor-widget-text-editor\" data-id=\"2a201a9\" data-element_type=\"widget\" data-widget_type=\"text-editor.default\">\n\t\t\t\t<div class=\"elementor-widget-container\">\n\t\t\t\t\t\t\t\t\t<ul><li><b>Para mais informa\u00e7\u00f5es e or\u00e7amentos entre em contato via whatsapp<\/b><\/li><li>Suspens\u00e3o<\/li><li>Freios<\/li><li>Geometria \/ balanceamento<\/li><li>Inje\u00e7\u00e3o Eletr\u00f4nica<\/li><li>Troca de \u00f3leo<\/li><li>Arrefecimento<\/li><li>Embreagem<\/li><li>Escapamentos<\/li><li>Cabos de comando<\/li><li>Correias<\/li><li>El\u00e9trica<\/li><\/ul>\t\t\t\t\t\t\t\t<\/div>\n\t\t\t\t<\/div>\n\t\t\t\t\t<\/div>\n\t\t<\/div>\n\t\t\t\t\t<\/div>\n\t\t<\/section>\n\t\t\t\t<\/div>\n\t\t","protected":false},"excerpt":{"rendered":"<p>Experi\u00eancia em servi\u00e7os H\u00e1 mais de 50 anos no mercado, a Borrachas Azenha trabalha com marcas renomadas e profissionais qualificados para garantir a voc\u00ea um excelente atendimento. \u00a0 \u00a0 Para mais informa\u00e7\u00f5es e or\u00e7amentos entre em contato via whatsapp Suspens\u00e3o Freios Geometria \/ balanceamento Inje\u00e7\u00e3o Eletr\u00f4nica Troca de \u00f3leo Arrefecimento Embreagem Escapamentos Cabos de comando [&hellip;]<\/p>\n","protected":false},"author":1,"featured_media":0,"parent":0,"menu_order":0,"comment_status":"closed","ping_status":"closed","template":"","meta":{"_acf_changed":false,"_monsterinsights_skip_tracking":false,"_monsterinsights_sitenote_active":false,"_monsterinsights_sitenote_note":"","_monsterinsights_sitenote_category":0,"footnotes":""},"class_list":["post-1417","page","type-page","status-publish","hentry"],"acf":[],"yoast_head":"<!-- This site is optimized with the Yoast SEO plugin v26.6 - https:\/\/yoast.com\/wordpress\/plugins\/seo\/ -->\n<title>Servi\u00e7os - Borrachas Azenha<\/title>\n<meta name=\"robots\" content=\"index, follow, max-snippet:-1, max-image-preview:large, max-video-preview:-1\" \/>\n<link rel=\"canonical\" href=\"https:\/\/borrachasazenha.com.br\/?page_id=1417\" \/>\n<meta property=\"og:locale\" content=\"pt_BR\" \/>\n<meta property=\"og:type\" content=\"article\" \/>\n<meta property=\"og:title\" content=\"Servi\u00e7os - Borrachas Azenha\" \/>\n<meta property=\"og:description\" content=\"Experi\u00eancia em servi\u00e7os H\u00e1 mais de 50 anos no mercado, a Borrachas Azenha trabalha com marcas renomadas e profissionais qualificados para garantir a voc\u00ea um excelente atendimento. \u00a0 \u00a0 Para mais informa\u00e7\u00f5es e or\u00e7amentos entre em contato via whatsapp Suspens\u00e3o Freios Geometria \/ balanceamento Inje\u00e7\u00e3o Eletr\u00f4nica Troca de \u00f3leo Arrefecimento Embreagem Escapamentos Cabos de comando [&hellip;]\" \/>\n<meta property=\"og:url\" content=\"https:\/\/borrachasazenha.com.br\/?page_id=1417\" \/>\n<meta property=\"og:site_name\" content=\"Borrachas Azenha\" \/>\n<meta property=\"article:modified_time\" content=\"2021-03-16T18:28:45+00:00\" \/>\n<meta property=\"og:image\" content=\"http:\/\/www.borrachasazenha.com.br\/wp-content\/uploads\/2021\/01\/imagem-icone-01.png\" \/>\n<meta name=\"twitter:card\" content=\"summary_large_image\" \/>\n<meta name=\"twitter:label1\" content=\"Est. tempo de leitura\" \/>\n\t<meta name=\"twitter:data1\" content=\"1 minuto\" \/>\n<script type=\"application\/ld+json\" class=\"yoast-schema-graph\">{\"@context\":\"https:\/\/schema.org\",\"@graph\":[{\"@type\":\"WebPage\",\"@id\":\"https:\/\/borrachasazenha.com.br\/?page_id=1417\",\"url\":\"https:\/\/borrachasazenha.com.br\/?page_id=1417\",\"name\":\"Servi\u00e7os - Borrachas Azenha\",\"isPartOf\":{\"@id\":\"https:\/\/borrachasazenha.com.br\/#website\"},\"primaryImageOfPage\":{\"@id\":\"https:\/\/borrachasazenha.com.br\/?page_id=1417#primaryimage\"},\"image\":{\"@id\":\"https:\/\/borrachasazenha.com.br\/?page_id=1417#primaryimage\"},\"thumbnailUrl\":\"http:\/\/www.borrachasazenha.com.br\/wp-content\/uploads\/2021\/01\/imagem-icone-01.png\",\"datePublished\":\"2021-02-11T12:52:10+00:00\",\"dateModified\":\"2021-03-16T18:28:45+00:00\",\"breadcrumb\":{\"@id\":\"https:\/\/borrachasazenha.com.br\/?page_id=1417#breadcrumb\"},\"inLanguage\":\"pt-BR\",\"potentialAction\":[{\"@type\":\"ReadAction\",\"target\":[\"https:\/\/borrachasazenha.com.br\/?page_id=1417\"]}]},{\"@type\":\"ImageObject\",\"inLanguage\":\"pt-BR\",\"@id\":\"https:\/\/borrachasazenha.com.br\/?page_id=1417#primaryimage\",\"url\":\"http:\/\/www.borrachasazenha.com.br\/wp-content\/uploads\/2021\/01\/imagem-icone-01.png\",\"contentUrl\":\"http:\/\/www.borrachasazenha.com.br\/wp-content\/uploads\/2021\/01\/imagem-icone-01.png\"},{\"@type\":\"BreadcrumbList\",\"@id\":\"https:\/\/borrachasazenha.com.br\/?page_id=1417#breadcrumb\",\"itemListElement\":[{\"@type\":\"ListItem\",\"position\":1,\"name\":\"Home\",\"item\":\"https:\/\/borrachasazenha.com.br\/\"},{\"@type\":\"ListItem\",\"position\":2,\"name\":\"Servi\u00e7os\"}]},{\"@type\":\"WebSite\",\"@id\":\"https:\/\/borrachasazenha.com.br\/#website\",\"url\":\"https:\/\/borrachasazenha.com.br\/\",\"name\":\"Borrachas Azenha\",\"description\":\"Autope\u00e7as\",\"publisher\":{\"@id\":\"https:\/\/borrachasazenha.com.br\/#organization\"},\"potentialAction\":[{\"@type\":\"SearchAction\",\"target\":{\"@type\":\"EntryPoint\",\"urlTemplate\":\"https:\/\/borrachasazenha.com.br\/?s={search_term_string}\"},\"query-input\":{\"@type\":\"PropertyValueSpecification\",\"valueRequired\":true,\"valueName\":\"search_term_string\"}}],\"inLanguage\":\"pt-BR\"},{\"@type\":\"Organization\",\"@id\":\"https:\/\/borrachasazenha.com.br\/#organization\",\"name\":\"Borrachas Azenha\",\"url\":\"https:\/\/borrachasazenha.com.br\/\",\"logo\":{\"@type\":\"ImageObject\",\"inLanguage\":\"pt-BR\",\"@id\":\"https:\/\/borrachasazenha.com.br\/#\/schema\/logo\/image\/\",\"url\":\"https:\/\/borrachasazenha.com.br\/wp-content\/uploads\/2021\/01\/logo-min.png\",\"contentUrl\":\"https:\/\/borrachasazenha.com.br\/wp-content\/uploads\/2021\/01\/logo-min.png\",\"width\":236,\"height\":83,\"caption\":\"Borrachas Azenha\"},\"image\":{\"@id\":\"https:\/\/borrachasazenha.com.br\/#\/schema\/logo\/image\/\"}}]}<\/script>\n<!-- \/ Yoast SEO plugin. -->","yoast_head_json":{"title":"Servi\u00e7os - Borrachas Azenha","robots":{"index":"index","follow":"follow","max-snippet":"max-snippet:-1","max-image-preview":"max-image-preview:large","max-video-preview":"max-video-preview:-1"},"canonical":"https:\/\/borrachasazenha.com.br\/?page_id=1417","og_locale":"pt_BR","og_type":"article","og_title":"Servi\u00e7os - Borrachas Azenha","og_description":"Experi\u00eancia em servi\u00e7os H\u00e1 mais de 50 anos no mercado, a Borrachas Azenha trabalha com marcas renomadas e profissionais qualificados para garantir a voc\u00ea um excelente atendimento. \u00a0 \u00a0 Para mais informa\u00e7\u00f5es e or\u00e7amentos entre em contato via whatsapp Suspens\u00e3o Freios Geometria \/ balanceamento Inje\u00e7\u00e3o Eletr\u00f4nica Troca de \u00f3leo Arrefecimento Embreagem Escapamentos Cabos de comando [&hellip;]","og_url":"https:\/\/borrachasazenha.com.br\/?page_id=1417","og_site_name":"Borrachas Azenha","article_modified_time":"2021-03-16T18:28:45+00:00","og_image":[{"url":"http:\/\/www.borrachasazenha.com.br\/wp-content\/uploads\/2021\/01\/imagem-icone-01.png","type":"","width":"","height":""}],"twitter_card":"summary_large_image","twitter_misc":{"Est. tempo de leitura":"1 minuto"},"schema":{"@context":"https:\/\/schema.org","@graph":[{"@type":"WebPage","@id":"https:\/\/borrachasazenha.com.br\/?page_id=1417","url":"https:\/\/borrachasazenha.com.br\/?page_id=1417","name":"Servi\u00e7os - Borrachas Azenha","isPartOf":{"@id":"https:\/\/borrachasazenha.com.br\/#website"},"primaryImageOfPage":{"@id":"https:\/\/borrachasazenha.com.br\/?page_id=1417#primaryimage"},"image":{"@id":"https:\/\/borrachasazenha.com.br\/?page_id=1417#primaryimage"},"thumbnailUrl":"http:\/\/www.borrachasazenha.com.br\/wp-content\/uploads\/2021\/01\/imagem-icone-01.png","datePublished":"2021-02-11T12:52:10+00:00","dateModified":"2021-03-16T18:28:45+00:00","breadcrumb":{"@id":"https:\/\/borrachasazenha.com.br\/?page_id=1417#breadcrumb"},"inLanguage":"pt-BR","potentialAction":[{"@type":"ReadAction","target":["https:\/\/borrachasazenha.com.br\/?page_id=1417"]}]},{"@type":"ImageObject","inLanguage":"pt-BR","@id":"https:\/\/borrachasazenha.com.br\/?page_id=1417#primaryimage","url":"http:\/\/www.borrachasazenha.com.br\/wp-content\/uploads\/2021\/01\/imagem-icone-01.png","contentUrl":"http:\/\/www.borrachasazenha.com.br\/wp-content\/uploads\/2021\/01\/imagem-icone-01.png"},{"@type":"BreadcrumbList","@id":"https:\/\/borrachasazenha.com.br\/?page_id=1417#breadcrumb","itemListElement":[{"@type":"ListItem","position":1,"name":"Home","item":"https:\/\/borrachasazenha.com.br\/"},{"@type":"ListItem","position":2,"name":"Servi\u00e7os"}]},{"@type":"WebSite","@id":"https:\/\/borrachasazenha.com.br\/#website","url":"https:\/\/borrachasazenha.com.br\/","name":"Borrachas Azenha","description":"Autope\u00e7as","publisher":{"@id":"https:\/\/borrachasazenha.com.br\/#organization"},"potentialAction":[{"@type":"SearchAction","target":{"@type":"EntryPoint","urlTemplate":"https:\/\/borrachasazenha.com.br\/?s={search_term_string}"},"query-input":{"@type":"PropertyValueSpecification","valueRequired":true,"valueName":"search_term_string"}}],"inLanguage":"pt-BR"},{"@type":"Organization","@id":"https:\/\/borrachasazenha.com.br\/#organization","name":"Borrachas Azenha","url":"https:\/\/borrachasazenha.com.br\/","logo":{"@type":"ImageObject","inLanguage":"pt-BR","@id":"https:\/\/borrachasazenha.com.br\/#\/schema\/logo\/image\/","url":"https:\/\/borrachasazenha.com.br\/wp-content\/uploads\/2021\/01\/logo-min.png","contentUrl":"https:\/\/borrachasazenha.com.br\/wp-content\/uploads\/2021\/01\/logo-min.png","width":236,"height":83,"caption":"Borrachas Azenha"},"image":{"@id":"https:\/\/borrachasazenha.com.br\/#\/schema\/logo\/image\/"}}]}},"_links":{"self":[{"href":"https:\/\/borrachasazenha.com.br\/index.php?rest_route=\/wp\/v2\/pages\/1417","targetHints":{"allow":["GET"]}}],"collection":[{"href":"https:\/\/borrachasazenha.com.br\/index.php?rest_route=\/wp\/v2\/pages"}],"about":[{"href":"https:\/\/borrachasazenha.com.br\/index.php?rest_route=\/wp\/v2\/types\/page"}],"author":[{"embeddable":true,"href":"https:\/\/borrachasazenha.com.br\/index.php?rest_route=\/wp\/v2\/users\/1"}],"replies":[{"embeddable":true,"href":"https:\/\/borrachasazenha.com.br\/index.php?rest_route=%2Fwp%2Fv2%2Fcomments&post=1417"}],"version-history":[{"count":71,"href":"https:\/\/borrachasazenha.com.br\/index.php?rest_route=\/wp\/v2\/pages\/1417\/revisions"}],"predecessor-version":[{"id":56411,"href":"https:\/\/borrachasazenha.com.br\/index.php?rest_route=\/wp\/v2\/pages\/1417\/revisions\/56411"}],"wp:attachment":[{"href":"https:\/\/borrachasazenha.com.br\/index.php?rest_route=%2Fwp%2Fv2%2Fmedia&parent=1417"}],"curies":[{"name":"wp","href":"https:\/\/api.w.org\/{rel}","templated":true}]}}